{"id":1735,"date":"2018-10-20T08:41:31","date_gmt":"2018-10-20T07:41:31","guid":{"rendered":"http:\/\/villersvolley.fr\/?page_id=1735"},"modified":"2025-11-14T12:53:34","modified_gmt":"2025-11-14T11:53:34","slug":"m18-g","status":"publish","type":"page","link":"https:\/\/villersvolley.fr\/index.php\/equipes-jeunes\/m18-g\/","title":{"rendered":"M-18 Gar\u00e7ons"},"content":{"rendered":"<h2 style=\"text-align: center;\"><strong><span style=\"color: #ffcc00;\">L&rsquo;\u00e9quipe de la saison 2025 &#8211; 2026<\/span><\/strong><\/h2>\n<p>&nbsp;<\/p>\n<p style=\"text-align: center;\"><a href=\"https:\/\/villersvolley.fr\/wp-content\/uploads\/2025\/11\/362cdc7e-b5b1-4748-bde8-d701f7fe713e.jpeg\"><img loading=\"lazy\" decoding=\"async\" class=\"aligncenter size-full wp-image-3972\" src=\"https:\/\/villersvolley.fr\/wp-content\/uploads\/2025\/11\/362cdc7e-b5b1-4748-bde8-d701f7fe713e.jpeg\" alt=\"\" width=\"2048\" height=\"1537\" srcset=\"https:\/\/villersvolley.fr\/wp-content\/uploads\/2025\/11\/362cdc7e-b5b1-4748-bde8-d701f7fe713e.jpeg 2048w, https:\/\/villersvolley.fr\/wp-content\/uploads\/2025\/11\/362cdc7e-b5b1-4748-bde8-d701f7fe713e-300x225.jpeg 300w, https:\/\/villersvolley.fr\/wp-content\/uploads\/2025\/11\/362cdc7e-b5b1-4748-bde8-d701f7fe713e-1024x769.jpeg 1024w, https:\/\/villersvolley.fr\/wp-content\/uploads\/2025\/11\/362cdc7e-b5b1-4748-bde8-d701f7fe713e-768x576.jpeg 768w, https:\/\/villersvolley.fr\/wp-content\/uploads\/2025\/11\/362cdc7e-b5b1-4748-bde8-d701f7fe713e-1536x1153.jpeg 1536w, https:\/\/villersvolley.fr\/wp-content\/uploads\/2025\/11\/362cdc7e-b5b1-4748-bde8-d701f7fe713e-1x1.jpeg 1w\" sizes=\"auto, (max-width: 2048px) 100vw, 2048px\" \/><\/a><\/p>\n<p>&nbsp;<\/p>\n<h4><strong>ENTRAINEUR \/ Joseph<\/strong><br \/>\n<strong>HORAIRES \/<\/strong> Mardi : 19h00 &#8211; 20h30<br \/>\n&nbsp;&nbsp;&nbsp;&nbsp;&nbsp;&nbsp;&nbsp;&nbsp;&nbsp;&nbsp;&nbsp;&nbsp;&nbsp;&nbsp;&nbsp;&nbsp;&nbsp;&nbsp;&nbsp;&nbsp;&nbsp; Jeudi :19h00 &#8211; 20h30<\/h4>\n<h4><strong>LIEUX \/ <\/strong>COSEC du Coll\u00e8ge G. CHEPFER<br \/>\n&nbsp;&nbsp;&nbsp;&nbsp;&nbsp;&nbsp;&nbsp;&nbsp;&nbsp;&nbsp; &nbsp;&nbsp; Rue de la Carri\u00e8re &#8211; Villers-l\u00e8s-Nancy<\/h4>\n<h5><div class=\"su-spoiler su-spoiler-style-default su-spoiler-icon-plus su-spoiler-closed\" data-scroll-offset=\"0\" data-anchor-in-url=\"no\"><div class=\"su-spoiler-title\" tabindex=\"0\" role=\"button\"><span class=\"su-spoiler-icon\"><\/span><strong>Composition de l'\u00e9quipe<\/strong><\/div><div class=\"su-spoiler-content su-u-clearfix su-u-trim\"><strong>JOUEURS :<br \/>\n<\/strong><strong><br \/>\n<\/strong>&nbsp;<\/div><\/div><\/h5>\n<p><strong>R\u00e9sultats&nbsp; :<br \/>\n<\/strong>R\u00e9sultats 1\u00e8re Phase Poule C :<br \/>\n\n<!-- iframe plugin v.6.0 wordpress.org\/plugins\/iframe\/ -->\n<iframe loading=\"lazy\" src=\"https:\/\/www.ffvbbeach.org\/ffvbapp\/resu\/vbspo_calendrier.php?saison=2025%2F2026&#038;codent=LILO&#038;poule=CGC&#038;calend=COMPLET&#038;equipe=2&#038;x=8&#038;y=8\" width=\"100%\" height=\"1024\" scrolling=\"yes\" class=\"iframe-class\" frameborder=\"0\"><\/iframe>\n\n<p>R\u00e9sultats COUPE DE FRANCE M18 MASCULIN:<br \/>\n\n<!-- iframe plugin v.6.0 wordpress.org\/plugins\/iframe\/ -->\n<iframe loading=\"lazy\" src=\"https:\/\/www.ffvbbeach.org\/ffvbapp\/resu\/planning_club.php?saison=2025%2F2026&#038;codent=ACJEUNES&#038;division=RMX&#038;cnclub=0545068&#038;x=9&#038;y=7\" width=\"100%\" height=\"500\" scrolling=\"yes\" class=\"iframe-class\" frameborder=\"0\"><\/iframe>\n\n<p>&nbsp;<\/p>\n<p>&nbsp;<\/p>\n<hr>\n<h2 style=\"text-align: center;\">&nbsp;<\/h2>\n<h2 style=\"text-align: center;\"><strong><span style=\"color: #ffcc00;\"><br \/>\nL&rsquo;\u00e9quipe de la saison 2024 &#8211; 2025<\/span><\/strong><\/h2>\n<p><a href=\"https:\/\/villersvolley.fr\/wp-content\/uploads\/2024\/11\/IMG_6047-1-e1731263066788-1.jpeg\"><img loading=\"lazy\" decoding=\"async\" class=\"aligncenter size-full wp-image-3782\" src=\"https:\/\/villersvolley.fr\/wp-content\/uploads\/2024\/11\/IMG_6047-1-e1731263066788-1.jpeg\" alt=\"\" width=\"827\" height=\"663\" srcset=\"https:\/\/villersvolley.fr\/wp-content\/uploads\/2024\/11\/IMG_6047-1-e1731263066788-1.jpeg 827w, https:\/\/villersvolley.fr\/wp-content\/uploads\/2024\/11\/IMG_6047-1-e1731263066788-1-300x241.jpeg 300w, https:\/\/villersvolley.fr\/wp-content\/uploads\/2024\/11\/IMG_6047-1-e1731263066788-1-768x616.jpeg 768w, https:\/\/villersvolley.fr\/wp-content\/uploads\/2024\/11\/IMG_6047-1-e1731263066788-1-1x1.jpeg 1w\" sizes=\"auto, (max-width: 827px) 100vw, 827px\" \/><\/a><\/p>\n<p>&nbsp;<\/p>\n<p>&nbsp;<\/p>\n<h4><strong>ENTRAINEUR \/ Joseph<\/strong><br \/>\n<strong>HORAIRES \/<\/strong> Mardi : 19h00 &#8211; 20h30<br \/>\n&nbsp;&nbsp;&nbsp;&nbsp;&nbsp;&nbsp;&nbsp;&nbsp;&nbsp;&nbsp;&nbsp;&nbsp;&nbsp;&nbsp;&nbsp;&nbsp;&nbsp;&nbsp;&nbsp;&nbsp;&nbsp; Jeudi :19h00 &#8211; 20h30<\/h4>\n<h4><strong>LIEUX \/ <\/strong>COSEC du Coll\u00e8ge G. CHEPFER<br \/>\n&nbsp;&nbsp;&nbsp;&nbsp;&nbsp;&nbsp;&nbsp;&nbsp;&nbsp;&nbsp; &nbsp;&nbsp; Rue de la Carri\u00e8re &#8211; Villers-l\u00e8s-Nancy<\/h4>\n<h5><div class=\"su-spoiler su-spoiler-style-default su-spoiler-icon-plus su-spoiler-closed\" data-scroll-offset=\"0\" data-anchor-in-url=\"no\"><div class=\"su-spoiler-title\" tabindex=\"0\" role=\"button\"><span class=\"su-spoiler-icon\"><\/span><strong>Composition de l'\u00e9quipe<\/strong><\/div><div class=\"su-spoiler-content su-u-clearfix su-u-trim\"><strong>JOUEURS :<br \/>\nNum\u00e9ro&nbsp; 11:&nbsp; Simeon &#8211; Central<br \/>\n<\/strong><strong>Num\u00e9ro&nbsp;&nbsp; 8:&nbsp; Mathis &#8211; Passeur&nbsp;&nbsp;<br \/>\n<\/strong><strong>Num\u00e9ro&nbsp; 12: Tim &#8211; R4<br \/>\n<\/strong><strong>Num\u00e9ro&nbsp; 10: L\u00e9o &#8211; Central<br \/>\n<\/strong><strong>Num\u00e9ro&nbsp; &nbsp;6: Gabriel &#8211; R4<br \/>\n<\/strong><strong>Entraineur : Joseph<br \/>\n<\/strong><strong>Num\u00e9ro&nbsp;&nbsp; 4: Ulysse &#8211; R4<br \/>\n<\/strong><strong>Num\u00e9ro&nbsp;&nbsp; 5: Quentin &#8211; Central&nbsp;<br \/>\nN<\/strong><strong>um\u00e9ro&nbsp; 7: Raphael &#8211; R4<br \/>\nN<\/strong><strong>um\u00e9ro&nbsp; 9: Alois &#8211; Pointu<\/strong><strong><br \/>\n<\/strong>&nbsp;<\/div><\/div><\/h5>\n<p><strong>R\u00e9sultats&nbsp; :<br \/>\nR\u00e9sultats&nbsp; CHALLENGE DE FRANCE M18 MASCULIN :<br \/>\n\n<!-- iframe plugin v.6.0 wordpress.org\/plugins\/iframe\/ -->\n<iframe loading=\"lazy\" src=\"https:\/\/www.ffvbbeach.org\/ffvbapp\/resu\/planning_club.php?saison=2024%2F2025&#038;codent=ACJEUNES&#038;division=RMX&#038;cnclub=0545068&#038;x=6&#038;y=7\" width=\"100%\" height=\"500\" scrolling=\"yes\" class=\"iframe-class\" frameborder=\"0\"><\/iframe>\n\n<\/strong><\/p>\n<p>R\u00e9sultats 1\u00e8re Phase Poule A :<br \/>\n\n<!-- iframe plugin v.6.0 wordpress.org\/plugins\/iframe\/ -->\n<iframe loading=\"lazy\" src=\"https:\/\/www.ffvbbeach.org\/ffvbapp\/resu\/vbspo_calendrier.php?saison=2024%2F2025&#038;codent=LILO&#038;poule=CGA&#038;calend=COMPLET&#038;equipe=5&#038;x=3&#038;y=6\" width=\"100%\" height=\"1024\" scrolling=\"yes\" class=\"iframe-class\" frameborder=\"0\"><\/iframe>\n\n<p>R\u00e9sultats COUPE DE FRANCE M18 MASCULIN:<br \/>\n\n<!-- iframe plugin v.6.0 wordpress.org\/plugins\/iframe\/ -->\n<iframe loading=\"lazy\" src=\"https:\/\/www.ffvbbeach.org\/ffvbapp\/resu\/planning_club.php?saison=2024%2F2025&#038;codent=ACJEUNES&#038;division=CMX&#038;cnclub=0545068&#038;x=5&#038;y=6\" width=\"100%\" height=\"500\" scrolling=\"yes\" class=\"iframe-class\" frameborder=\"0\"><\/iframe>\n\n<p>&nbsp;<\/p>\n<p>&nbsp;<\/p>\n<hr>\n<h2 style=\"text-align: center;\"><strong><span style=\"color: #ffcc00;\">L&rsquo;\u00e9quipe de la saison 2023-2024<\/span><\/strong><\/h2>\n<h4><a href=\"https:\/\/villersvolley.fr\/wp-content\/uploads\/2022\/01\/VNLLogo_1_Plan-de-travail-1.png\"><img loading=\"lazy\" decoding=\"async\" class=\"aligncenter size-full wp-image-2754\" src=\"https:\/\/villersvolley.fr\/wp-content\/uploads\/2022\/01\/VNLLogo_1_Plan-de-travail-1.png\" alt=\"\" width=\"400\" height=\"150\" srcset=\"https:\/\/villersvolley.fr\/wp-content\/uploads\/2022\/01\/VNLLogo_1_Plan-de-travail-1.png 400w, https:\/\/villersvolley.fr\/wp-content\/uploads\/2022\/01\/VNLLogo_1_Plan-de-travail-1-300x113.png 300w, https:\/\/villersvolley.fr\/wp-content\/uploads\/2022\/01\/VNLLogo_1_Plan-de-travail-1-128x48.png 128w, https:\/\/villersvolley.fr\/wp-content\/uploads\/2022\/01\/VNLLogo_1_Plan-de-travail-1-32x12.png 32w, https:\/\/villersvolley.fr\/wp-content\/uploads\/2022\/01\/VNLLogo_1_Plan-de-travail-1-3x1.png 3w\" sizes=\"auto, (max-width: 400px) 100vw, 400px\" \/><\/a><strong>ENTRAINEUR \/ <\/strong><br \/>\n<strong>HORAIRES \/<\/strong> Mardi :<br \/>\n&nbsp;&nbsp;&nbsp;&nbsp;&nbsp;&nbsp;&nbsp;&nbsp;&nbsp;&nbsp;&nbsp;&nbsp;&nbsp;&nbsp;&nbsp;&nbsp;&nbsp;&nbsp;&nbsp;&nbsp;&nbsp; Jeudi :<br \/>\n<strong>LIEUX \/ <\/strong>COSEC du Coll\u00e8ge G. CHEPFER<br \/>\n&nbsp;&nbsp;&nbsp;&nbsp;&nbsp;&nbsp;&nbsp;&nbsp;&nbsp;&nbsp; &nbsp;&nbsp; Rue de la Carri\u00e8re &#8211; Villers-l\u00e8s-Nancy<\/h4>\n<p><strong>&nbsp;<\/strong><\/p>\n<p><strong>R\u00e9sultats Honneur poule B :<br \/>\n<\/strong>\n<!-- iframe plugin v.6.0 wordpress.org\/plugins\/iframe\/ -->\n<iframe loading=\"lazy\" src=\"https:\/\/www.ffvbbeach.org\/ffvbapp\/resu\/vbspo_calendrier.php?saison=2023%2F2024&#038;codent=LILO&#038;poule=CGG&#038;calend=COMPLET&#038;equipe=3&#038;x=10&#038;y=7\" width=\"100%\" height=\"1024\" scrolling=\"yes\" class=\"iframe-class\" frameborder=\"0\"><\/iframe>\n\n<p><strong>R\u00e9sultats 1\u00e8re Phase Poule B :<br \/>\n<\/strong>\n<!-- iframe plugin v.6.0 wordpress.org\/plugins\/iframe\/ -->\n<iframe loading=\"lazy\" src=\"https:\/\/www.ffvbbeach.org\/ffvbapp\/resu\/vbspo_calendrier.php?saison=2023%2F2024&#038;codent=LILO&#038;poule=CGB&#038;calend=COMPLET&#038;equipe=5&#038;x=4&#038;y=6\" width=\"100%\" height=\"1024\" scrolling=\"yes\" class=\"iframe-class\" frameborder=\"0\"><\/iframe>\n\n<p>&nbsp;<\/p>\n<p>&nbsp;<\/p>\n<hr>\n<h4>Ann\u00e9e 2021-2022<\/h4>\n<h4><strong>ENTRAINEUR \/ <\/strong>Lucas Valdenaire<br \/>\n<strong>HORAIRES \/<\/strong> Mardi : 20h30 &#8211; 22h30<br \/>\n&nbsp;&nbsp;&nbsp;&nbsp;&nbsp;&nbsp;&nbsp;&nbsp;&nbsp;&nbsp;&nbsp;&nbsp;&nbsp;&nbsp;&nbsp;&nbsp;&nbsp;&nbsp;&nbsp;&nbsp;&nbsp; Jeudi : 20h30 &#8211; 22h30<br \/>\n<strong>LIEUX \/ <\/strong>COSEC du Coll\u00e8ge G. CHEPFER<br \/>\n&nbsp;&nbsp;&nbsp;&nbsp;&nbsp;&nbsp;&nbsp;&nbsp;&nbsp;&nbsp; &nbsp;&nbsp; Rue de la Carri\u00e8re &#8211; Villers-l\u00e8s-Nancy<\/h4>\n<p><strong>&nbsp;<\/strong><\/p>\n<p><strong>R\u00e9sultats Honneur poule A :<br \/>\n<\/strong>\n<!-- iframe plugin v.6.0 wordpress.org\/plugins\/iframe\/ -->\n<iframe loading=\"lazy\" src=\"https:\/\/www.ffvbbeach.org\/ffvbapp\/resu\/vbspo_calendrier.php?saison=2021%2F2022&#038;codent=LILO&#038;poule=CGE&#038;calend=COMPLET&#038;equipe=3&#038;x=8&#038;y=8\" width=\"100%\" height=\"1024\" scrolling=\"yes\" class=\"iframe-class\" frameborder=\"0\"><\/iframe>\n\n<p><strong>R\u00e9sultats 1\u00e8re Phase Poule B :<br \/>\n<\/strong>\n<!-- iframe plugin v.6.0 wordpress.org\/plugins\/iframe\/ -->\n<iframe loading=\"lazy\" src=\"https:\/\/www.ffvbbeach.org\/ffvbapp\/resu\/vbspo_calendrier.php?saison=2021%2F2022&#038;codent=LILO&#038;poule=CGB&#038;calend=COMPLET&#038;equipe=4&#038;x=5&#038;y=8\" width=\"100%\" height=\"1024\" scrolling=\"yes\" class=\"iframe-class\" frameborder=\"0\"><\/iframe>\n\n","protected":false},"excerpt":{"rendered":"<p>L&rsquo;\u00e9quipe de la saison 2025 &#8211; 2026 &nbsp; &nbsp; ENTRAINEUR \/ Joseph HORAIRES \/ Mardi : 19h00 &#8211; 20h30 &nbsp;&nbsp;&nbsp;&nbsp;&nbsp;&nbsp;&nbsp;&nbsp;&nbsp;&nbsp;&nbsp;&nbsp;&nbsp;&nbsp;&nbsp;&nbsp;&nbsp;&nbsp;&nbsp;&nbsp;&nbsp; Jeudi :19h00 &#8211; 20h30 LIEUX \/ COSEC du Coll\u00e8ge G. CHEPFER &nbsp;&nbsp;&nbsp;&nbsp;&nbsp;&nbsp;&nbsp;&nbsp;&nbsp;&nbsp; &nbsp;&nbsp; Rue de la Carri\u00e8re &#8211; Villers-l\u00e8s-Nancy R\u00e9sultats&nbsp; : R\u00e9sultats 1\u00e8re Phase Poule C : R\u00e9sultats COUPE DE FRANCE M18 MASCULIN: &nbsp; &nbsp; [&hellip;]<\/p>\n","protected":false},"author":2,"featured_media":0,"parent":2679,"menu_order":11,"comment_status":"closed","ping_status":"closed","template":"page-templates\/full-width.php","meta":{"ngg_post_thumbnail":0,"footnotes":""},"class_list":["post-1735","page","type-page","status-publish","hentry"],"_links":{"self":[{"href":"https:\/\/villersvolley.fr\/index.php\/wp-json\/wp\/v2\/pages\/1735","targetHints":{"allow":["GET"]}}],"collection":[{"href":"https:\/\/villersvolley.fr\/index.php\/wp-json\/wp\/v2\/pages"}],"about":[{"href":"https:\/\/villersvolley.fr\/index.php\/wp-json\/wp\/v2\/types\/page"}],"author":[{"embeddable":true,"href":"https:\/\/villersvolley.fr\/index.php\/wp-json\/wp\/v2\/users\/2"}],"replies":[{"embeddable":true,"href":"https:\/\/villersvolley.fr\/index.php\/wp-json\/wp\/v2\/comments?post=1735"}],"version-history":[{"count":29,"href":"https:\/\/villersvolley.fr\/index.php\/wp-json\/wp\/v2\/pages\/1735\/revisions"}],"predecessor-version":[{"id":3973,"href":"https:\/\/villersvolley.fr\/index.php\/wp-json\/wp\/v2\/pages\/1735\/revisions\/3973"}],"up":[{"embeddable":true,"href":"https:\/\/villersvolley.fr\/index.php\/wp-json\/wp\/v2\/pages\/2679"}],"wp:attachment":[{"href":"https:\/\/villersvolley.fr\/index.php\/wp-json\/wp\/v2\/media?parent=1735"}],"curies":[{"name":"wp","href":"https:\/\/api.w.org\/{rel}","templated":true}]}}