{"id":262,"date":"2015-08-13T08:48:49","date_gmt":"2015-08-13T07:48:49","guid":{"rendered":"http:\/\/villersvolley.fr\/wordpress\/?page_id=262"},"modified":"2024-09-29T16:12:44","modified_gmt":"2024-09-29T14:12:44","slug":"documents","status":"publish","type":"page","link":"https:\/\/villersvolley.fr\/index.php\/le-club\/documents\/","title":{"rendered":"Documents"},"content":{"rendered":"<p><strong>RIB :<\/strong>&nbsp;<a href=\"https:\/\/villersvolley.fr\/wp-content\/uploads\/2022\/09\/iban_C_O_S_VILLERS_SECTION_VOLLEY.pdf\" target=\"_blank\" rel=\"noopener\">lien<\/a><\/p>\n<p><strong>Fiche de remboursement des frais de d\u00e9placements<\/strong><\/p>\n<p>Nous essayons au maximum d\u2019organiser le transport de vos enfants en mini-bus et par l\u2019entra\u00eeneur. Toutefois, avec pr\u00e8s de 300 matchs \u00e0 organiser pour toutes les \u00e9quipes, les entra\u00eeneurs seront parfois amen\u00e9s \u00e0 vous solliciter pour les aider \u00e0 accompagner l\u2019\u00e9quipe en d\u00e9placement.<\/p>\n<p>Les personnes<em> (joueurs ou parents)<\/em> utilisant leur v\u00e9hicule personnel pour les d\u00e9placements peuvent demander un remboursement. Veuillez remplir la fiche de remboursement <a href=\"http:\/\/villersvolley.fr\/wp-content\/uploads\/2015\/08\/Fiche-de-remboursement.pdf\" target=\"_blank\" rel=\"noopener\">(t\u00e9l\u00e9charger ici)<\/a> et la transmettre \u00e0 Thierry ou \u00e0 toute autre personne du bureau ou par mail.<\/p>\n<p>&nbsp;<\/p>\n<p><strong>R\u00e8gles Officielles du Volley-Ball 2021_2024 derni\u00e8re edition.<\/strong><\/p>\n<p>Pour consulter le document, rendez-vous sur la page de la FFVB en <a href=\"https:\/\/villersvolley.fr\/wp-content\/uploads\/2022\/09\/FIVB-Volleyball_Rules2021_2024-FR-v2a.pdf\" target=\"_blank\" rel=\"noopener\">cliquant ICI<\/a>.<\/p>\n<p><strong>Les Ballons officiels:<\/strong><\/p>\n<p><a href=\"http:\/\/ffvb.org\/la-ffvb\/equipements-et-materiels\/\" target=\"_blank\" rel=\"noopener\">Lien vers la F\u00e9d\u00e9ration ICI<\/a><\/p>\n","protected":false},"excerpt":{"rendered":"<p>RIB :&nbsp;lien Fiche de remboursement des frais de d\u00e9placements Nous essayons au maximum d\u2019organiser le transport de vos enfants en mini-bus et par l\u2019entra\u00eeneur. Toutefois, avec pr\u00e8s de 300 matchs \u00e0 organiser pour toutes les \u00e9quipes, les entra\u00eeneurs seront parfois amen\u00e9s \u00e0 vous solliciter pour les aider \u00e0 accompagner l\u2019\u00e9quipe en d\u00e9placement. Les personnes (joueurs [&hellip;]<\/p>\n","protected":false},"author":2,"featured_media":0,"parent":2,"menu_order":4,"comment_status":"closed","ping_status":"closed","template":"page-templates\/full-width.php","meta":{"ngg_post_thumbnail":0,"footnotes":""},"class_list":["post-262","page","type-page","status-publish","hentry"],"_links":{"self":[{"href":"https:\/\/villersvolley.fr\/index.php\/wp-json\/wp\/v2\/pages\/262","targetHints":{"allow":["GET"]}}],"collection":[{"href":"https:\/\/villersvolley.fr\/index.php\/wp-json\/wp\/v2\/pages"}],"about":[{"href":"https:\/\/villersvolley.fr\/index.php\/wp-json\/wp\/v2\/types\/page"}],"author":[{"embeddable":true,"href":"https:\/\/villersvolley.fr\/index.php\/wp-json\/wp\/v2\/users\/2"}],"replies":[{"embeddable":true,"href":"https:\/\/villersvolley.fr\/index.php\/wp-json\/wp\/v2\/comments?post=262"}],"version-history":[{"count":13,"href":"https:\/\/villersvolley.fr\/index.php\/wp-json\/wp\/v2\/pages\/262\/revisions"}],"predecessor-version":[{"id":3713,"href":"https:\/\/villersvolley.fr\/index.php\/wp-json\/wp\/v2\/pages\/262\/revisions\/3713"}],"up":[{"embeddable":true,"href":"https:\/\/villersvolley.fr\/index.php\/wp-json\/wp\/v2\/pages\/2"}],"wp:attachment":[{"href":"https:\/\/villersvolley.fr\/index.php\/wp-json\/wp\/v2\/media?parent=262"}],"curies":[{"name":"wp","href":"https:\/\/api.w.org\/{rel}","templated":true}]}}